{"id":1428,"date":"2025-11-11T06:30:42","date_gmt":"2025-11-11T06:30:42","guid":{"rendered":"http:\/\/feelingsandbeyond.com\/language\/?page_id=1428"},"modified":"2026-01-28T03:51:37","modified_gmt":"2026-01-28T03:51:37","slug":"contacto","status":"publish","type":"page","link":"https:\/\/feelingsandbeyond.com\/language\/contacto\/","title":{"rendered":"Contacto"},"content":{"rendered":"\t\t<div data-elementor-type=\"wp-page\" data-elementor-id=\"1428\" class=\"elementor elementor-1428\">\n\t\t\t\t\t\t<section class=\"elementor-section elementor-top-section elementor-element elementor-element-30b75775 elementor-section-full_width elementor-section-stretched elementor-section-height-default elementor-section-height-default\" data-id=\"30b75775\" data-element_type=\"section\" data-e-type=\"section\" data-settings=\"{&quot;stretch_section&quot;:&quot;section-stretched&quot;}\">\n\t\t\t\t\t\t<div class=\"elementor-container elementor-column-gap-default\">\n\t\t\t\t\t<div class=\"elementor-column elementor-col-100 elementor-top-column elementor-element elementor-element-2d909e12\" data-id=\"2d909e12\" data-element_type=\"column\" data-e-type=\"column\">\n\t\t\t<div class=\"elementor-widget-wrap elementor-element-populated\">\n\t\t\t\t\t\t<div class=\"elementor-element elementor-element-50599d5b elementor-widget elementor-widget-themedraft_section_title\" data-id=\"50599d5b\" data-element_type=\"widget\" data-e-type=\"widget\" data-widget_type=\"themedraft_section_title.default\">\n\t\t\t\t<div class=\"elementor-widget-container\">\n\t\t\t\t\t\n\t\t<div class=\"td-section-title-wrapper\">\n            <div class=\"td-section-title-content td-secondary-font\">\n                \n                \n                                    <div class=\"td-section-title\">\n                        <h2>\u00a0Reserva una Consulta Telef\u00f3nica Gratuita<\/h2>                    <\/div>\n                                        <div class=\"title-bottom-line\" style=\"background-image: url(https:\/\/feelingsandbeyond.com\/2025webfandb\/wp-content\/uploads\/2025\/11\/line_FandB.png)\"><\/div>\n                                                <\/div>\n\t\t<\/div>\n\t\t\t\t\t\t<\/div>\n\t\t\t\t<\/div>\n\t\t\t\t<div class=\"elementor-element elementor-element-3026bfd elementor-widget elementor-widget-heading\" data-id=\"3026bfd\" data-element_type=\"widget\" data-e-type=\"widget\" data-widget_type=\"heading.default\">\n\t\t\t\t\t<h2 class=\"elementor-heading-title elementor-size-default\">\u00a1Empezar es muy f\u00e1cil! <\/h2>\t\t\t\t<\/div>\n\t\t\t\t<div class=\"elementor-element elementor-element-c73a007 elementor-widget elementor-widget-themedraft_text\" data-id=\"c73a007\" data-element_type=\"widget\" data-e-type=\"widget\" data-widget_type=\"themedraft_text.default\">\n\t\t\t\t<div class=\"elementor-widget-container\">\n\t\t\t\t\t\n\t\t<div class=\"td-text-wrapper\">\n\t\t\t<p style=\"text-align: center;\">Agenda tu consulta gratuita en l\u00ednea o completa el formulario de contacto a continuaci\u00f3n.<br \/>Nuestra coordinadora administrativa se comunicar\u00e1 contigo en un plazo de 24 horas laborables.<\/p>\n            \t\t<\/div>\n\n\t\t\t\t\t\t<\/div>\n\t\t\t\t<\/div>\n\t\t<div class=\"elementor-element elementor-element-b7b9ae3 e-flex e-con-boxed e-con e-parent\" data-id=\"b7b9ae3\" data-element_type=\"container\" data-e-type=\"container\">\n\t\t\t\t\t<div class=\"e-con-inner\">\n\t\t<div class=\"elementor-element elementor-element-60190ad e-grid e-con-full e-con e-child\" data-id=\"60190ad\" data-element_type=\"container\" data-e-type=\"container\">\n\t\t\t\t<div class=\"elementor-element elementor-element-188c22c elementor-widget elementor-widget-html\" data-id=\"188c22c\" data-element_type=\"widget\" data-e-type=\"widget\" data-widget_type=\"html.default\">\n\t\t\t\t\t<!-- Start SimplePractice Appointment-Request Widget Embed Code (rosado con borde y hover turquesa) -->\r\n\r\n<style>\r\n\/* Centrar el bot\u00f3n *\/\r\n.spwidget-button-wrapper {\r\n    text-align: center;\r\n    margin: 25px 0;\r\n}\r\n\r\n\/* Bot\u00f3n personalizado \u2014 M\u00c1S PEQUE\u00d1O *\/\r\n.spwidget-button {\r\n    display: inline-block;\r\n    padding: 10px 26px;       \/* antes 15px 30px *\/\r\n    font-size: 18px;          \/* antes 23px *\/\r\n    font-weight: 700;\r\n    color: #fff;\r\n    background: #ff5574;\r\n    border: 3px solid #ff5574;\r\n    border-radius: 45px;      \/* antes 50px *\/\r\n    text-decoration: none;\r\n    transition: background 0.3s ease, border-color 0.3s ease, transform 0.2s ease;\r\n}\r\n\r\n\/* Hover *\/\r\n.spwidget-button:hover {\r\n    background: #00b8d6;\r\n    border-color: #00b8d6;\r\n    color: #fff;\r\n    transform: translateY(-3px);\r\n}\r\n\r\n\/* Click \/ Active *\/\r\n.spwidget-button:active {\r\n    transform: scale(0.97);\r\n}\r\n\r\n\/* Responsive para m\u00f3viles \u2014 versi\u00f3n reducida *\/\r\n@media (max-width: 768px) {\r\n    .spwidget-button {\r\n        padding: 10px 34px;   \/* antes 20px 60px *\/\r\n        font-size: 17px;      \/* antes 21px *\/\r\n    }\r\n}\r\n\r\n@media (max-width: 480px) {\r\n    .spwidget-button {\r\n        padding: 9px 26px;    \/* antes 15px 40px *\/\r\n        font-size: 16px;      \/* antes 17px *\/\r\n    }\r\n}\r\n<\/style>\r\n\r\n<div class=\"spwidget-button-wrapper\">\r\n    <a \r\n        href=\"https:\/\/erikaangulo.clientsecure.me\" \r\n        class=\"spwidget-button\" \r\n        data-spwidget-scope-id=\"776569d7-79cc-4335-8eaa-68be3a93f208\" \r\n        data-spwidget-scope-uri=\"erikaangulo\" \r\n        data-spwidget-application-id=\"7c72cb9f9a9b913654bb89d6c7b4e71a77911b30192051da35384b4d0c6d505b\" \r\n        data-spwidget-type=\"OAR\" \r\n        data-spwidget-scope-global \r\n        data-spwidget-autobind\r\n    >\r\n        Agendar ahora\r\n    <\/a>\r\n<\/div>\r\n\r\n<script src=\"https:\/\/widget-cdn.simplepractice.com\/assets\/integration-1.0.js\"><\/script>\r\n\r\n<!-- End SimplePractice Appointment-Request Widget Embed Code -->\r\n\r\n\t\t\t\t<\/div>\n\t\t\t\t<div class=\"elementor-element elementor-element-33e86a9 elementor-widget elementor-widget-themedraft_button_widget\" data-id=\"33e86a9\" data-element_type=\"widget\" data-e-type=\"widget\" data-widget_type=\"themedraft_button_widget.default\">\n\t\t\t\t<div class=\"elementor-widget-container\">\n\t\t\t\t\t\n\t\t<div class=\"themedraft-button-wrapper td-button-el-widget\">\n\t\t\t<a href=\"https:\/\/feelingsandbeyond.com\/language\/nuestro-equipo\/\" class=\"themedraft-button td-button themedraft-button-one\" >Conoce nuestro equipo                <i class=\"fas fa-plus\"><\/i>\n            <\/a>\n\n\t\t\t\t\t<\/div>\n\t\t\t\t\t\t<\/div>\n\t\t\t\t<\/div>\n\t\t\t\t<\/div>\n\t\t\t\t\t<\/div>\n\t\t\t\t<\/div>\n\t\t\t\t<div class=\"elementor-element elementor-element-4746d91 elementor-widget elementor-widget-heading\" data-id=\"4746d91\" data-element_type=\"widget\" data-e-type=\"widget\" data-widget_type=\"heading.default\">\n\t\t\t\t\t<h2 class=\"elementor-heading-title elementor-size-default\">\u00bfC\u00f3mo Empezar?<\/h2>\t\t\t\t<\/div>\n\t\t\t\t<div class=\"elementor-element elementor-element-d8763d7 elementor-widget elementor-widget-themedraft_text\" data-id=\"d8763d7\" data-element_type=\"widget\" data-e-type=\"widget\" data-widget_type=\"themedraft_text.default\">\n\t\t\t\t<div class=\"elementor-widget-container\">\n\t\t\t\t\t\n\t\t<div class=\"td-text-wrapper\">\n\t\t\t<p style=\"text-align: center;\">Ofrecemos consultas telef\u00f3nicas gratuitas para apoyarte desde el primer momento.<\/p><p style=\"text-align: center;\">\u00a0<\/p>\n            \t\t<\/div>\n\n\t\t\t\t\t\t<\/div>\n\t\t\t\t<\/div>\n\t\t\t\t\t<\/div>\n\t\t<\/div>\n\t\t\t\t\t<\/div>\n\t\t<\/section>\n\t\t\t\t<section class=\"elementor-section elementor-top-section elementor-element elementor-element-6ff9a51 elementor-section-stretched elementor-section-boxed elementor-section-height-default elementor-section-height-default\" data-id=\"6ff9a51\" data-element_type=\"section\" data-e-type=\"section\" data-settings=\"{&quot;background_background&quot;:&quot;classic&quot;,&quot;stretch_section&quot;:&quot;section-stretched&quot;}\">\n\t\t\t\t\t\t<div class=\"elementor-container elementor-column-gap-default\">\n\t\t\t\t\t<div class=\"elementor-column elementor-col-100 elementor-top-column elementor-element elementor-element-1c777a0\" data-id=\"1c777a0\" data-element_type=\"column\" data-e-type=\"column\">\n\t\t\t<div class=\"elementor-widget-wrap elementor-element-populated\">\n\t\t\t\t<div class=\"elementor-element elementor-element-112dc76 e-flex e-con-boxed e-con e-parent\" data-id=\"112dc76\" data-element_type=\"container\" data-e-type=\"container\">\n\t\t\t\t\t<div class=\"e-con-inner\">\n\t\t<div class=\"elementor-element elementor-element-ebf7fee e-grid e-con-full e-con e-child\" data-id=\"ebf7fee\" data-element_type=\"container\" data-e-type=\"container\">\n\t\t<div class=\"elementor-element elementor-element-a327607 e-con-full e-flex e-con e-child\" data-id=\"a327607\" data-element_type=\"container\" data-e-type=\"container\">\n\t\t\t\t<div class=\"elementor-element elementor-element-935bdfb elementor-widget elementor-widget-themedraft_title_with_text\" data-id=\"935bdfb\" data-element_type=\"widget\" data-e-type=\"widget\" data-widget_type=\"themedraft_title_with_text.default\">\n\t\t\t\t<div class=\"elementor-widget-container\">\n\t\t\t\t\t\n\t\t<div class=\"td-title-with-text-wrapper\">\n                    <div class=\"desc\">\n                <p>Ll\u00e1manos, env\u00edanos un correo o completa el formulario en esta p\u00e1gina. Nuestra coordinadora cl\u00ednica te acompa\u00f1ar\u00e1 en los siguientes pasos y te ayudar\u00e1 a encontrar la terapeuta ideal para ti o tu familia.<\/p>            <\/div>\n\t\t<\/div>\n\n\t\t\t\t\t\t<\/div>\n\t\t\t\t<\/div>\n\t\t\t\t<div class=\"elementor-element elementor-element-22e9c22 elementor-widget elementor-widget-themedraft_promo_box\" data-id=\"22e9c22\" data-element_type=\"widget\" data-e-type=\"widget\" data-widget_type=\"themedraft_promo_box.default\">\n\t\t\t\t<div class=\"elementor-widget-container\">\n\t\t\t\t\t\n\t\t<div class=\"td-promo-box-wrapper td-icon-left\">\n\t\t\t<div class=\"row\">\n\t\t\t\t\t\t\t\t\t\t<div class=\"col-xl-12 col-lg-6 col-md-6\">\n\t\t\t\t\t\t\t<div class=\"td-single-promo-box\">\n\t\t\t\t\t\t\t\t<div class=\"td-promo-icon td-primary-color\">\n\t\t\t\t\t\t\t\t\t<i aria-hidden=\"true\" class=\"td-icon flaticon-telephone-1\"><\/i>\t\t\t\t\t\t\t\t<\/div>\n\n                                <h4 class=\"td-promo-title\">Ll\u00e1manos<\/h4>\n\n                                <div class=\"td-promo-desc td-last-p-0\">\n\t                                <p><a href=\"tel:7866131644\">786-613-1644<\/a><\/p>                                <\/div>\n\t\t\t\t\t\t\t<\/div>\n\t\t\t\t\t\t<\/div>\n\t\t\t\t\t\t\t\t\t\t<div class=\"col-xl-12 col-lg-6 col-md-6\">\n\t\t\t\t\t\t\t<div class=\"td-single-promo-box\">\n\t\t\t\t\t\t\t\t<div class=\"td-promo-icon td-primary-color\">\n\t\t\t\t\t\t\t\t\t<i aria-hidden=\"true\" class=\"td-icon flaticon-email\"><\/i>\t\t\t\t\t\t\t\t<\/div>\n\n                                <h4 class=\"td-promo-title\">Escr\u00edbenos<\/h4>\n\n                                <div class=\"td-promo-desc td-last-p-0\">\n\t                                <p><a href=\"mailto:info@feelingsandbeyond.com\">info@feelingsandbeyond.com<\/a><\/p>                                <\/div>\n\t\t\t\t\t\t\t<\/div>\n\t\t\t\t\t\t<\/div>\n\t\t\t\t\t\t\t\t\t\t<div class=\"col-xl-12 col-lg-6 col-md-6\">\n\t\t\t\t\t\t\t<div class=\"td-single-promo-box\">\n\t\t\t\t\t\t\t\t<div class=\"td-promo-icon td-primary-color\">\n\t\t\t\t\t\t\t\t\t<svg aria-hidden=\"true\" class=\"e-font-icon-svg e-fas-map-marker-alt\" viewBox=\"0 0 384 512\" xmlns=\"http:\/\/www.w3.org\/2000\/svg\"><path d=\"M172.268 501.67C26.97 291.031 0 269.413 0 192 0 85.961 85.961 0 192 0s192 85.961 192 192c0 77.413-26.97 99.031-172.268 309.67-9.535 13.774-29.93 13.773-39.464 0zM192 272c44.183 0 80-35.817 80-80s-35.817-80-80-80-80 35.817-80 80 35.817 80 80 80z\"><\/path><\/svg>\t\t\t\t\t\t\t\t<\/div>\n\n                                <h4 class=\"td-promo-title\">Vis\u00edtanos<\/h4>\n\n                                <div class=\"td-promo-desc td-last-p-0\">\n\t                                <p>2555 NW 102 Ave, Suite 217, Doral, FL 33172<\/p>                                <\/div>\n\t\t\t\t\t\t\t<\/div>\n\t\t\t\t\t\t<\/div>\n\t\t\t\t\t\t\t<\/div>\n\t\t<\/div>\n\n\t\t\t\t\t\t<\/div>\n\t\t\t\t<\/div>\n\t\t\t\t<\/div>\n\t\t<div class=\"elementor-element elementor-element-129f3d6 e-con-full e-flex e-con e-child\" data-id=\"129f3d6\" data-element_type=\"container\" data-e-type=\"container\">\n\t\t\t\t<div class=\"elementor-element elementor-element-c31fd53 elementor-widget elementor-widget-themedraft_contact_form_seven\" data-id=\"c31fd53\" data-element_type=\"widget\" data-e-type=\"widget\" data-widget_type=\"themedraft_contact_form_seven.default\">\n\t\t\t\t<div class=\"elementor-widget-container\">\n\t\t\t\t\t            <div class=\"td-cf7-contact-form td-secondary-font\">\n                <div class=\"td-contact-form-container\">\n                    <div class=\"form-icon\"><i class=\"flaticon-nurse\"><\/i><\/div>\n                    <div class=\"td-form-subtitle-title\">\n                        <div class=\"td-form-subtitle\"><\/div>\n                        <div class=\"td-form-title\"><\/div>\n                    <\/div>\n                                        <div class=\"themedraft-contact-form-container\">\n                        \n<div class=\"wpcf7 no-js\" id=\"wpcf7-f1262-o1\" lang=\"es-ES\" dir=\"ltr\" data-wpcf7-id=\"1262\">\n<div class=\"screen-reader-response\"><p role=\"status\" aria-live=\"polite\" aria-atomic=\"true\"><\/p> <ul><\/ul><\/div>\n<form action=\"\/language\/wp-json\/wp\/v2\/pages\/1428#wpcf7-f1262-o1\" method=\"post\" class=\"wpcf7-form init\" aria-label=\"Formulario de contacto\" novalidate=\"novalidate\" data-status=\"init\">\n<fieldset class=\"hidden-fields-container\"><input type=\"hidden\" name=\"_wpcf7\" value=\"1262\" \/><input type=\"hidden\" name=\"_wpcf7_version\" value=\"6.1.5\" \/><input type=\"hidden\" name=\"_wpcf7_locale\" value=\"es_ES\" \/><input type=\"hidden\" name=\"_wpcf7_unit_tag\" value=\"wpcf7-f1262-o1\" \/><input type=\"hidden\" name=\"_wpcf7_container_post\" value=\"0\" \/><input type=\"hidden\" name=\"_wpcf7_posted_data_hash\" value=\"\" \/>\n<\/fieldset>\n<p><label> Nombre<br \/>\n<span class=\"wpcf7-form-control-wrap\" data-name=\"your-name\"><input size=\"40\" maxlength=\"400\" class=\"wpcf7-form-control wpcf7-text wpcf7-validates-as-required\" autocomplete=\"name\" aria-required=\"true\" aria-invalid=\"false\" value=\"\" type=\"text\" name=\"your-name\" \/><\/span><br \/>\n<\/label>\n<\/p>\n<p><label> Email<br \/>\n<span class=\"wpcf7-form-control-wrap\" data-name=\"your-email\"><input size=\"40\" maxlength=\"400\" class=\"wpcf7-form-control wpcf7-email wpcf7-validates-as-required wpcf7-text wpcf7-validates-as-email\" autocomplete=\"email\" aria-required=\"true\" aria-invalid=\"false\" value=\"\" type=\"email\" name=\"your-email\" \/><\/span><br \/>\n<\/label>\n<\/p>\n<p><label> Tel\u00e9fono<br \/>\n<span class=\"wpcf7-form-control-wrap\" data-name=\"telefono\"><input size=\"40\" maxlength=\"400\" class=\"wpcf7-form-control wpcf7-tel wpcf7-validates-as-required wpcf7-text wpcf7-validates-as-tel\" autocomplete=\"tel\" aria-required=\"true\" aria-invalid=\"false\" value=\"\" type=\"tel\" name=\"telefono\" \/><\/span><br \/>\n<\/label>\n<\/p>\n<p><label> Tu mensaje (opcional)<br \/>\n<span class=\"wpcf7-form-control-wrap\" data-name=\"your-message\"><textarea cols=\"40\" rows=\"10\" maxlength=\"2000\" class=\"wpcf7-form-control wpcf7-textarea\" aria-invalid=\"false\" name=\"your-message\"><\/textarea><\/span><br \/>\n<\/label>\n<\/p>\n<p><!-- Mailchimp for WordPress v4.12.1 - https:\/\/www.mc4wp.com\/ --><input type=\"hidden\" name=\"_mc4wp_subscribe_contact-form-7\" value=\"0\" \/><span class=\"mc4wp-checkbox mc4wp-checkbox-contact-form-7 \"><label><input type=\"checkbox\" name=\"_mc4wp_subscribe_contact-form-7\" value=\"1\" ><span>Acepto recibir el bolet\u00edn semanal<\/span><\/label><\/span><!-- \/ Mailchimp for WordPress -->\n<\/p>\n<p><input class=\"wpcf7-form-control wpcf7-submit has-spinner\" type=\"submit\" value=\"Enviar\" \/>\n<\/p><div class=\"wpcf7-response-output\" aria-hidden=\"true\"><\/div>\n<\/form>\n<\/div>\n                    <\/div>\n                                    <\/div>\n            <\/div>\n        \t\t\t\t<\/div>\n\t\t\t\t<\/div>\n\t\t\t\t<\/div>\n\t\t\t\t<\/div>\n\t\t\t\t\t<\/div>\n\t\t\t\t<\/div>\n\t\t\t\t<div class=\"elementor-element elementor-element-1505c4e elementor-widget elementor-widget-google_maps\" data-id=\"1505c4e\" data-element_type=\"widget\" data-e-type=\"widget\" data-widget_type=\"google_maps.default\">\n\t\t\t\t\t\t\t<div class=\"elementor-custom-embed\">\n\t\t\t<iframe loading=\"lazy\"\n\t\t\t\t\tsrc=\"https:\/\/maps.google.com\/maps?q=2555%20NW%20102%20Ave%2C%20Suite%20217%2C%20Doral%2C%20FL%2033172&#038;t=m&#038;z=11&#038;output=embed&#038;iwloc=near\"\n\t\t\t\t\ttitle=\"2555 NW 102 Ave, Suite 217, Doral, FL 33172\"\n\t\t\t\t\taria-label=\"2555 NW 102 Ave, Suite 217, Doral, FL 33172\"\n\t\t\t><\/iframe>\n\t\t<\/div>\n\t\t\t\t\t\t<\/div>\n\t\t\t\t\t<\/div>\n\t\t<\/div>\n\t\t\t\t\t<\/div>\n\t\t<\/section>\n\t\t\t\t<\/div>\n\t\t","protected":false},"excerpt":{"rendered":"<p>\u00a0Reserva una Consulta Telef\u00f3nica Gratuita \u00a1Empezar es muy f\u00e1cil! Agenda tu consulta gratuita en l\u00ednea o completa el formulario de contacto a continuaci\u00f3n.Nuestra coordinadora administrativa se comunicar\u00e1 contigo en un plazo de 24 horas laborables. Agendar ahora Conoce nuestro equipo \u00bfC\u00f3mo Empezar? Ofrecemos consultas telef\u00f3nicas gratuitas para apoyarte desde el primer momento. \u00a0 Ll\u00e1manos, env\u00edanos [&hellip;]<\/p>\n","protected":false},"author":1,"featured_media":0,"parent":0,"menu_order":0,"comment_status":"closed","ping_status":"closed","template":"","meta":{"_joinchat":[],"footnotes":""},"class_list":["post-1428","page","type-page","status-publish","hentry"],"_links":{"self":[{"href":"https:\/\/feelingsandbeyond.com\/language\/wp-json\/wp\/v2\/pages\/1428","targetHints":{"allow":["GET"]}}],"collection":[{"href":"https:\/\/feelingsandbeyond.com\/language\/wp-json\/wp\/v2\/pages"}],"about":[{"href":"https:\/\/feelingsandbeyond.com\/language\/wp-json\/wp\/v2\/types\/page"}],"author":[{"embeddable":true,"href":"https:\/\/feelingsandbeyond.com\/language\/wp-json\/wp\/v2\/users\/1"}],"replies":[{"embeddable":true,"href":"https:\/\/feelingsandbeyond.com\/language\/wp-json\/wp\/v2\/comments?post=1428"}],"version-history":[{"count":37,"href":"https:\/\/feelingsandbeyond.com\/language\/wp-json\/wp\/v2\/pages\/1428\/revisions"}],"predecessor-version":[{"id":4810,"href":"https:\/\/feelingsandbeyond.com\/language\/wp-json\/wp\/v2\/pages\/1428\/revisions\/4810"}],"wp:attachment":[{"href":"https:\/\/feelingsandbeyond.com\/language\/wp-json\/wp\/v2\/media?parent=1428"}],"curies":[{"name":"wp","href":"https:\/\/api.w.org\/{rel}","templated":true}]}}